t a(x) = -2*x**2 + 45*x + 11. Let p be a(y). What is the highest common divisor of p and s?
33
Suppose 170*g - 5425 - 18035 = 0. What is the greatest common factor of g and 144?
6
Let l(r) = r**2 - 55*r - 180. Let n be l(79). What is the greatest common divisor of n and 264?
132
Let v(i) = -122*i + 12. Suppose 4*z - 5*k + 8 = 0, -5*z + 5*k = 3 + 7. Let c be v(z). What is the highest common factor of c and 8?
8
Let n(o) = o + 2. Let l(y) = 4*y**3 + y**2 - 3*y - 14. Let v(k) = -l(k) - 3*n(k). Let q be v(-2). Calculate the greatest common divisor of q and 252.
36
Let b(p) = 19274*p + 182. Let v be b(1). What is the greatest common divisor of 19 and v?
19
Suppose -5 = 3*i + 4. Let y be 78/i*(-15)/10. Let m = 49 - y. Calculate the greatest common divisor of m and 2.
2
Let l(k) = 2*k**2 + 225*k - 1398. Let y be l(6). Calculate the greatest common factor of y and 6888.
24
Let g = -497 - -1019. Calculate the highest common factor of 162 and g.
18
Suppose 4*r + 3*w - 649 = 0, -2*r + w + 419 = 102. Suppose -33*s + 34*s - 5 = 0. What is the highest common factor of s and r?
5
Suppose -45*t = -1449 - 19282 + 3856. Calculate the highest common divisor of t and 360.
15
Suppose -11089 = -10*u - 3189. Calculate the greatest common factor of 50 and u.
10
Suppose -23*p + 6040 = 2314. Calculate the greatest common factor of 432 and p.
54
Suppose 0 = -24769*g + 24584*g + 2960. Suppose -i + 8 = 3*i. Suppose -i*u - 2*u + 308 = 2*p, -4*p + 571 = -u. Calculate the highest common divisor of g and p.
16
Let h(w) = -w + 4. Let o be h(8). Let n be 0 - 4*(3 + o). Let p = -115 - -121. Calculate the highest common factor of n and p.
2
Let l(w) = -14*w + 22. Let j = 9 + -1. Let f(q) = 5*q - 7. Let p(c) = j*f(c) + 3*l(c). Let m be p(-15). What is the highest common divisor of 440 and m?
40
Let z(h) = -2*h**3 - 5*h**2 + 4*h + 3. Suppose 102 = -2*f + 8. Let n = -51 - f. Let r be z(n). What is the highest common divisor of 5 and r?
5
Suppose 3 = 2*a - 3, 3*a + 91 = -q. Let l = 178 + q. Calculate the greatest common factor of 195 and l.
39
Let m(p) = 60*p**3 - 5*p**2 + 48*p + 15. Let y be m(5). Calculate the greatest common factor of y and 42.
14
Let s(h) = h**3 - 3*h**2 + 7*h - 13. Let p be (-9 - -7)*(3 - 7). Let o be s(p). What is the highest common factor of 33 and o?
33
Suppose -27 = -v + 5*n - 5, 12 = -3*n. Suppose 5*r = i - 55, r + 97 = v*i - 31. Calculate the highest common factor of i and 52.
13
Let w = -761 + 767. Suppose 875 = w*i - 49. What is the greatest common divisor of i and 385?
77
Let i be 24/5 + 2/10. Suppose -17*l - 296 = -91*l. What is the highest common factor of i and l?
1
Let a(h) be the second derivative of h**4/12 + 23*h**3/6 - 21*h**2/2 - 155*h. Let q be a(-24). Calculate the greatest common factor of q and 33.
3
Let w = 6332 - 5688. What is the highest common divisor of w and 238?
14
Let r(q) = -3*q - 1. Let j be r(-1). Suppose c - 86 = -3*n + j*n, -4*c + 332 = -2*n. Let w = -5753 + 5781. What is the greatest common factor of c and w?
28
Let d(t) = 20*t**2 - 201*t + 18. Let g be d(10). Suppose 5*i + 5*s = 0, 4*s + 4 = -8. Suppose -4*l = -i*l - 72. Calculate the greatest common factor of l and g.
8
Let i(d) = -507*d + 7235. Let a be i(13). Calculate the greatest common factor of 168 and a.
28
Suppose 28*k - 291 = -5*n + 93, 2*n + k - 225 = 0. Calculate the highest common divisor of 28 and n.
4
Let b(j) = -10*j - 4. Let t be b(19). Let r = 240 - t. Suppose -6*x + 1562 = r. What is the greatest common divisor of 47 and x?
47
Let h = 76 + -139. Let c = h - -90. Let v be (-2)/3 + 1773/c. What is the greatest common divisor of 13 and v?
13
Let s(u) = u**2 + 35*u + 344. Let l be s(-30). Calculate the highest common divisor of l and 679.
97
Let t = 2267 + -2231. What is the greatest common divisor of t and 792?
36
Let o = 21814 + -21770. Let q(p) = -6*p - 9. Let n = -16 - -9. Let s be q(n). Calculate the highest common divisor of o and s.
11
Let c(w) = 3*w**2 - w - 44. Let d be c(-6). Suppose -3*u + d = 11*u. Calculate the greatest common divisor of u and 115.
5
Let h be (-1428)/(-5) + (-138)/(-345). Calculate the highest common divisor of h and 154.
22
Let a be ((-24)/(-14))/((-8 - (-4415)/210) + -13). Suppose -17 + 65 = 2*w. What is the greatest common divisor of w and a?
24
Let k be (180/(-50))/(-3 - 17/(-5)). Let v(w) = 21*w + 235. Let u be v(k). What is the highest common divisor of 138 and u?
46
Let f(o) = -o**3 - 5*o**2 - 2*o - 17. Let d = 403 - 410. Let i be f(d). Calculate the greatest common factor of i and 15.
5
Let o be 2/(-4)*(20/5 - 4). Suppose 0 = 2*j - 4*b + b - 31, o = 4*j - b - 77. What is the highest common divisor of 90 and j?
10
Let t be 1 + (-3 - 2 - -3)*(-80 + 9). Calculate the greatest common divisor of 416 and t.
13
Suppose 0 = 3*p + 77 - 140. Let q(t) = -5*t**2 - 90*t + 7. Let u be q(-18). Calculate the highest common factor of u and p.
7
Suppose -x = 4*b - 3019, -3*b + 2243 = -368*x + 373*x. Calculate the highest common factor of 364 and b.
28
Let d = -146 + 168. Suppose 320 = d*j - 230. Let v = 8 + 2. What is the greatest common factor of j and v?
5
Let h = -748 + 763. Calculate the greatest common divisor of h and 36.
3
Let v(x) = -x**2 - 19*x - 47. Let y be v(-10). Calculate the greatest common divisor of 473 and y.
43
Suppose -5*b - 5*v = -110, 3*b - 3*v - 19 = 35. Let d be ((-4)/(-24)*-4)/((-2)/9). Let l be d/(-5*(-4)/b). What is the highest common factor of 21 and l?
3
Suppose 1927 = 4*v - 889. What is the highest common factor of 128 and v?
64
Let s(y) be the second derivative of 14*y**3/3 - 152*y**2 - 420*y. Let k be s(12). Suppose 2*u + 36 = 5*u. What is the highest common factor of u and k?
4
Let a be 3/((-2)/6930*-5). Let g be 4/(-10) + (a/35 - 8). What is the highest common divisor of 51 and g?
51
Suppose 414 + 642 = 3*m. Suppose -1107*o = -1329*o + 9768. Calculate the highest common factor of o and m.
44
Let r(y) = -y**2 - 18*y + 1. Let i be r(-18). Let w(f) = -26*f + 7 - 10 + i. Let x be w(-3). Calculate the highest common divisor of x and 38.
38
Let u = -17 + -27. Let p = -46 - u. Let s be (300/24)/((-1)/p). What is the highest common divisor of s and 100?
25
Let j(y) = y**3 + 5*y**2 + 3*y + 9. Let z be j(-3). Let h = z - -6. Let t be (-4 + 34/4)*h. Calculate the greatest common divisor of t and 12.
12
Let l(c) = 19*c**2 - 1. Suppose 0 = 5*x + 4 + 6. Let i be l(x). Let h = i + -54. Calculate the greatest common divisor of 7 and h.
7
Suppose f - 3*h = 110, 0*h + 110 = f + 2*h. Suppose -2*g + 5*p + f = 0, -4*g + 3*p + 237 = g. Let i = g + -37. What is the highest common factor of i and 88?
8
Let f = 87 + 183. Suppose 1420 = -3362*r + 28977 - 2828 + 42511. Calculate the greatest common divisor of f and r.
10
Suppose 3*b = h - 167, 4*h = 3*b - b + 628. Calculate the highest common divisor of 40 and h.
5
Let l(a) = 9*a**2 + 526*a + 1572. Let g be l(-3). Calculate the greatest common factor of 3625 and g.
25
Let p be ((-3 - -6) + -3)/(-5 + 7). Suppose 21*r - 747 - 177 = p. Let f = -28 + r. What is the greatest common divisor of 128 and f?
16
Suppose -671 = -13*k + 421. Let o = -19 - -75. Calculate the highest common factor of k and o.
28
Let k be 1107/12 + (4 + 6)/(-40). Calculate the highest common factor of 8924 and k.
92
Suppose -17*r - 23 = 79. Let l be (9/r)/(2 + 23/(-10)). What is the greatest common divisor of l and 155?
5
Suppose -2*a + 1295 = w, 5*w + 675 = 51*a - 50*a. What is the highest common divisor of a and 104?
26
Suppose 22*v + 97*v = -40*v + 1202040. Calculate the greatest common divisor of v and 1470.
210
Let x be 10/3 - (-1)/((-6)/8). Suppose 3*z - 22 = -5*o, -14 = -2*o + x*z + 2*z. What is the greatest common divisor of 15 and o?
5
Suppose 50*w + 53088 - 12838 = 0. Let f = w - -819. Calculate the greatest common factor of f and 8.
2
Let j(h) = 34*h + 1084. Let g be j(49). What is the greatest common divisor of g and 22?
22
Let g(j) = -42*j + 1. Let y be g(-1). Suppose -y = -2*a - 17. Let t be (-1)/(-10 + ((-7014)/(-702) - 0)). Calculate the greatest common divisor of t and a.
13
Let f(y) = -3*y**2 - 4*y + 2*y**2 - 5 + 3 + 0*y**2 - 5*y**3. Let l be f(-2). What is the greatest common divisor of l and 105?
21
Suppose 131*x - 45360 = -49*x. What is the highest common factor of x and 444?
12
Suppose -3*l